r of 774 and 2949972?
258
Calculate the greatest common divisor of 676 and 194857.
169
What is the highest common divisor of 51 and 48315?
3
Calculate the highest common divisor of 2 and 332614.
2
Calculate the highest common factor of 2500 and 400.
100
Calculate the highest common divisor of 426522 and 268.
134
What is the highest common factor of 109 and 47415?
109
Calculate the highest common divisor of 21972 and 48.
12
Calculate the greatest common divisor of 260 and 5380.
20
What is the highest common divisor of 6246424 and 8?
8
Calculate the highest common divisor of 764 and 753686.
382
Calculate the greatest common factor of 14 and 7198.
2
Calculate the greatest common factor of 6459625 and 775.
775
Calculate the highest common factor of 28 and 168788.
4
Calculate the highest common divisor of 20753 and 39.
1
Calculate the greatest common factor of 509777 and 61.
61
Calculate the highest common divisor of 24629 and 77.
11
What is the highest common divisor of 2496 and 53976?
312
What is the greatest common factor of 10178 and 41?
1
Calculate the highest common factor of 523366 and 604.
302
Calculate the greatest common factor of 780 and 13410.
30
What is the greatest common divisor of 128292 and 132?
12
Calculate the greatest common factor of 68847 and 795.
159
What is the greatest common divisor of 343196 and 588?
196
Calculate the greatest common factor of 1344 and 547008.
1344
Calculate the highest common divisor of 270 and 177255.
135
What is the highest common factor of 24 and 357528?
24
Calculate the highest common divisor of 5936 and 4876.
212
Calculate the greatest common factor of 391342 and 154.
14
Calculate the greatest common divisor of 2324 and 133.
7
Calculate the greatest common factor of 2560 and 2120.
40
Calculate the highest common divisor of 267 and 214579.
89
What is the greatest common divisor of 7261 and 318?
53
Calculate the highest common divisor of 6370 and 290.
10
What is the greatest common factor of 19107 and 72?
9
What is the greatest common divisor of 164 and 172?
4
Calculate the highest common factor of 65 and 9600.
5
What is the highest common divisor of 2737 and 644?
161
Calculate the greatest common divisor of 191565 and 165.
165
Calculate the greatest common divisor of 28702 and 16498.
226
What is the highest common divisor of 9636 and 484?
44
What is the greatest common factor of 102507 and 282?
141
What is the highest common factor of 51675 and 50?
25
Calculate the highest common divisor of 12339 and 42417.
27
What is the highest common factor of 46 and 64814?
46
What is the highest common divisor of 763 and 10?
1
Calculate the highest common divisor of 23920 and 8125.
65
What is the greatest common factor of 1565978 and 3462?
1154
Calculate the highest common factor of 991424 and 28.
28
Calculate the greatest common divisor of 116532 and 234.
234
What is the greatest common factor of 113376 and 96?
96
What is the greatest common factor of 152243 and 6188?
91
Calculate the highest common factor of 84 and 857388.
84
What is the greatest common factor of 325 and 42835?
65
Calculate the greatest common factor of 5300 and 5900.
100
Calculate the highest common divisor of 689815 and 7.
7
What is the highest common factor of 896 and 1624?
56
Calculate the highest common divisor of 14523 and 2266.
103
What is the greatest common factor of 520074 and 243?
27
Calculate the greatest common divisor of 110564 and 12660.
844
What is the highest common divisor of 1292 and 363698?
646
What is the highest common factor of 273102 and 23?
23
What is the highest common factor of 1208 and 8?
8
What is the greatest common factor of 93792 and 16?
16
Calculate the highest common factor of 1110 and 4514.
74
What is the highest common factor of 4 and 1044244?
4
Calculate the highest common divisor of 10368 and 3807.
81
What is the greatest common factor of 2948 and 6479?
11
Calculate the greatest common factor of 216 and 1688850.
54
What is the greatest common divisor of 2 and 5177?
1
Calculate the highest common divisor of 409547 and 51.
17
Calculate the highest common divisor of 436064 and 32.
32
Calculate the highest common divisor of 6750 and 690.
30
Calculate the greatest common factor of 117 and 34395.
3
Calculate the highest common divisor of 1744 and 12.
4
What is the greatest common factor of 49086 and 7878?
606
What is the greatest common divisor of 15237 and 81?
9
What is the greatest common divisor of 192 and 648?
24
What is the highest common divisor of 17145 and 945?
135
Calculate the highest common factor of 925854 and 522.
174
Calculate the greatest common factor of 100406 and 1403.
61
What is the highest common divisor of 170 and 30715?
5
Calculate the highest common divisor of 375 and 6225.
75
What is the greatest common divisor of 1200 and 24300?
300
Calculate the greatest common divisor of 79518 and 348.
174
Calculate the greatest common divisor of 4424 and 36.
4
What is the highest common factor of 150 and 21700?
50
Calculate the greatest common factor of 35 and 265055.
35
What is the highest common divisor of 2716 and 64990?
194
Calculate the greatest common factor of 14936 and 6.
2
Calculate the greatest common divisor of 636 and 30740.
212
Calculate the highest common divisor of 3944 and 570894.
986
Calculate the highest common divisor of 843 and 34844.
281
Calculate the highest common divisor of 147 and 144501.
147
What is the highest common factor of 7644 and 544908?
1092
Calculate the highest common factor of 330 and 5581455.
165
Calculate the greatest common factor of 224 and 3688.
8
Calculate the greatest common factor of 13 and 18187.
13
Calculate the highest common divisor of 3311198 and 44.
22
Calculate the greatest common factor of 7672 and 44.
4
What is the greatest common factor of 120 and 256?
8
Calculate the greatest common factor of 117520 and 11440.
1040
Calculate the highest common divisor of 21353 and 3097.
163
Calculate the greatest common factor of 186 and 150474.
186
What is the greatest common factor of 112 and 2048?
16
What is the highest common divisor of 554 and 3533966?
554
Calculate the greatest common factor of 128 and 424088.
8
Calculate the highest common factor of 40344 and 246.
246
Calculate the highest common divisor of 60517 and 511.
73
What is the greatest common divisor of 18234 and 3546?
18
What is the highest common divisor of 536 and 3886?
134
Calculate the greatest common factor of 2 and 143194.
2
What is the highest common factor of 2945 and 14440?
95
Calculate the greatest common factor of 76114 and 190.
38
Calculate the greatest common factor of 432 and 336.
48
Calculate the greatest common divisor of 130 and 309010.
130
What is the greatest common factor of 2738 and 70226?
74
What is the highest common divisor of 12690 and 1620?
270
Calculate the greatest common divisor of 34 and 295154.
34
Calculate the highest common factor of 6800 and 298112.
272
Calculate the highest common factor of 38388 and 16.
4
Calculate the greatest common factor of 256220 and 21160.
460
Calculate the greatest common factor of 245577 and 1308.
327
Calculate the highest common divisor of 95294 and 496.
62
What is the greatest common factor of 139563 and 54?
27
What is the greatest common factor of 870 and 2920?
10
What is the greatest common factor of 13601 and 609?
203
Calculate the highest common divisor of 14279 and 68125.
109
Calculate the greatest common factor of 15167 and 61191.
523
Calculate the greatest common factor of 10261 and 3224.
31
Calculate the greatest common divisor of 5616 and 21096.
72
What is the greatest common divisor of 425 and 830?
5
What is the highest common divisor of 1122 and 31314?
102
Calculate the highest common divisor of 588540 and 3060.
1020
What is the highest common factor of 13770 and 144330?
510
What is the greatest common factor of 261282 and 420?
42
What is the greatest common divisor of 170 and 102?
34
What is the highest common divisor of 60323 and 179?
179
What is the highest common factor of 42484 and 346580?
2236
Calculate the greatest common factor of 474446 and 14.
14
Calculate the greatest common divisor of 5645 and 217897.
1129
What is the highest common factor of 7340 and 1445?
5
Calculate the greatest common divisor of 20 and 